
In base 16, what is 13 + -3d132f?
-3d131c
In base 9, what is -1055 + 5601?
4535
In base 14, what is -17 + -180252?
-180269
In base 9, what is -1048234 - 157?
-1048402
In base 12, what is 59038b5 + 6?
59038bb
In base 2, what is -1001010011011100111 - -100110001?
-1001010010110110110
In base 7, what is 606040605 - 20?
606040555
In base 4, what is -121331210 + -13?
-121331223
In base 4, what is 1100222123 - 22033?
1100200030
In base 14, what is -3 + -2cc9aa8?
-2cc9aab
In base 12, what is -6935 + 1091?
-5864
In base 13, what is -7c + -11a478?
-11a527
In base 4, what is 2223 - -122203?
131032
In base 12, what is -5 + a66455?
a66450
In base 9, what is -43773 + -305?
-44178
In base 6, what is 1 - -403521313?
403521314
In base 11, what is -2 - -37a4444?
37a4442
In base 10, what is 9521 + -460?
9061
In base 10, what is -12 - -833931?
833919
In base 11, what is 2831 + 38711?
40442
In base 16, what is 435 + -5f3?
-1be
In base 13, what is -40c + -394a3?
-398b2
In base 7, what is -215 - -104404021?
104403503
In base 16, what is 5 + -999eec?
-999ee7
In base 16, what is 4 - b721a?
-b7216
In base 15, what is 68 - -46b8?
4731
In base 12, what is 185 + -478b4?
-4772b
In base 14, what is -5357 + 1c2?
-5175
In base 2, what is 10 - 11101110110000000011001100?
-11101110110000000011001010
In base 15, what is -7cc6ec - 2?
-7cc6ee
In base 2, what is 1011111000011 + 1111010?
1100000111101
In base 11, what is 77 + -a7a4?
-a728
In base 7, what is 143 - 125215266?
-125215123
In base 15, what is -2343 + -e1d?
-3261
In base 15, what is -16edd4 - 6e?
-16ee53
In base 13, what is 1a6352c + 5?
1a63534
In base 15, what is 2 + 69e1e?
69e21
In base 7, what is -134 - 2460515?
-2460652
In base 13, what is -9a0 + -b86b?
-c53b
In base 11, what is 295614 + -13?
295601
In base 5, what is -43 - -1202122041?
1202121443
In base 9, what is -48 - -134223?
134164
In base 5, what is -2024432 - 3?
-2024440
In base 5, what is 110211021 - 34243?
110121223
In base 16, what is 83 - 2a89d4?
-2a8951
In base 4, what is 300 + -13000102?
-12333202
In base 14, what is 5535 - 152?
53c3
In base 16, what is 2d8c6 + 838?
2e0fe
In base 13, what is -3c0c + 261?
-397b
In base 13, what is 299 - 2c86?
-29ba
In base 14, what is -365aa - -62?
-36548
In base 6, what is 24 + -4004405?
-4004341
In base 5, what is 432 + -2040013124?
-2040012142
In base 15, what is -11 - -3e8694?
3e8683
In base 13, what is -41944b - -1?
-41944a
In base 5, what is -12023303 + -40?
-12023343
In base 4, what is -131 + -303333301?
-310000032
In base 4, what is 1 - 2212102222320?
-2212102222313
In base 16, what is -33 - -236bc7?
236b94
In base 16, what is 63 + -1ba93?
-1ba30
In base 16, what is -4 - 2be063?
-2be067
In base 5, what is -1430010 - -1102244?
-322211
In base 6, what is 12 + 242212430?
242212442
In base 15, what is -38a9bd + 5?
-38a9b8
In base 15, what is -852 + -18735?
-19087
In base 2, what is 10000001 - 100000110101011111?
-100000110011011110
In base 15, what is 74d - 1e354?
-1db06
In base 8, what is -624205774 + -5?
-624206001
In base 9, what is 6014171 - -11?
6014182
In base 12, what is 7 - 13883?
-13878
In base 11, what is -a400 - 5212?
-14612
In base 4, what is -100 - -1213011110002?
1213011103302
In base 6, what is -4 + 324241224?
324241220
In base 8, what is 1 - -34454120?
34454121
In base 12, what is -2067 - b768?
-11813
In base 15, what is 1a093 - -6e?
1a112
In base 16, what is 51b + aeb3?
b3ce
In base 16, what is -111e - 6c?
-118a
In base 14, what is 40dd + 15c?
425b
In base 14, what is -d869d - -10a?
-d8593
In base 9, what is -17 - 5604277?
-5604305
In base 15, what is 16c1 + -13c51?
-12580
In base 13, what is 130 - -16c0?
1820
In base 5, what is 4120011 - 3344?
4111112
In base 3, what is -20 + -200010201021?
-200010201111
In base 11, what is -47077a5 + -2?
-47077a7
In base 5, what is 33341223431 + 1?
33341223432
In base 10, what is -4 + 190562886?
190562882
In base 8, what is 621372024 - 4?
621372020
In base 10, what is 2662942 + 4?
2662946
In base 12, what is -1 - -954a4464?
954a4463
In base 15, what is aa - 8b64?
-8aa9
In base 13, what is 4 + 944b069?
944b070
In base 3, what is 10 + -220110222?
-220110212
In base 11, what is 22425 + 676?
22aa0
In base 15, what is -14e71 - 142?
-150b3
In base 2, what is 101100100011101100001010 - -11110?
101100100011101100101000
In base 6, what is -2 + -31054524221?
-31054524223
In base 4, what is -1303111111333 - -122?
-1303111111211
In base 9, what is 587223888 - -3?
587224002
In base 15, what is -7eb94e - a?
-7eb959
In base 16, what is -df24 + -1104?
-f028
In base 16, what is 289ce8 - -1?
289ce9
In base 9, what is 41152573 - 12?
41152561
In base 5, what is 1 + 131142434312?
131142434313
In base 7, what is -3 + -22011305?
-22011311
In base 5, what is 441334424 + 410?
441340334
In base 7, what is -3022 - -36640?
33615
In base 5, what is -1344301433 + 23?
-1344301410
In base 12, what is 2575260a + 1?
2575260b
In base 6, what is 355 + 40315?
41114
In base 15, what is -4 - -3b4b1?
3b4ac
In base 10, what is 6015684 - -2?
6015686
In base 5, what is 23 - 121342040?
-121342012
In base 4, what is 1312210222 + 1000?
1312211222
In base 8, what is 767076 - -30?
767126
In base 14, what is -219 - -1947c?
19263
In base 10, what is 2786 + 6722?
9508
In base 5, what is -4240043 + -1204424?
-11000022
In base 15, what is -5 - -68aeba0?
68aeb9a
In base 7, what is 4 + 356311?
356315
In base 10, what is -223807 + 3182?
-220625
In base 4, what is -1 - -103230133213?
103230133212
In base 6, what is 5010 - -3423324?
3432334
In base 10, what is -54 - -116518?
116464
In base 3, what is -11010 + -1011120202112?
-1011120220122
In base 15, what is -3dbc + -2b4e?
-6a1b
In base 11, what is 3a37 - -53794?
57720
In base 11, what is a + 17682281?
17682290
In base 4, what is 100 - -1212023010?
1212023110
In base 12, what is -666 + -1a240?
-1a8a6
In base 5, what is 4340100 + 204204?
10044304
In base 15, what is 1b29b36 - 2?
1b29b34
In base 13, what is 184b7 + -c1?
183c6
In base 14, what is -1d13 + d6b6?
b7a3
In base 5, what is -11043320 + 1011?
-11042304
In base 6, what is -20 + -25030201?
-25030221
In base 10, what is -571 - 217037?
-217608
In base 7, what is -1 + 1332345662?
1332345661
In base 7, what is -25655 - -53332?
24344
In base 11, what is 34226 - 2770?
31566
In base 3, what is -12 - 11000111201?
-11000111220
In base 4, what is 132010233 + -3310?
132000323
In base 4, what is 103210 + -11010230?
-10301020
In base 12, what is -97 + -125b6?
-12691
In base 3, what is 100210111 - 10002122001?
-2201211120
In base 9, what is -2801251 - 5?
-2801256
In base 12, what is -2b9b33 - 4?
-2b9b37
In base 4, what is 132101320311 - 100?
132101320211
In base 2, what is 100100011 + -1100111110101111001?
-1100111110001010110
In base 8, what is -2 + -45733026?
-45733030
In base 8, what is 1042 + -302?
540
In base 10, what is 365649 - 75?
365574
In base 9, what is -47 - 1801467?
-1801525
In base 8, what is -170521261 - 1?
-170521262
In base 14, what is 3da99718 - -1?
3da99719
In base 10, what is 1 + -2206596?
-2206595
In base 15, what is -2d94c + -125?
-2da72
In base 2, what is 10110110101100111010000 + 1000?
10110110101100111011000
In base 12, what is 32592 + -ab9?
31695
In base 3, what is 201022102000110 - -11?
201022102000121
In base 16, what is -2d24b - -5?
-2d246
In base 12, what is -3896 - -a55?
-2a41
In base 12, what is -426806b + 2?
-4268069
In base 9, what is 473703 - 25?
473667
In base 12, what is 5b41 - -51b?
6460
In base 16, what is 396 - -22a4?
263a
In base 15, what is bb1dd - 311?
badcc
In base 6, what is 12 - -5134251?
5134303
In base 16, what is 398611 + -1?
398610
In base 4, what is -11303330 - -20201?
-11223123
In base 6, what is -1 - -314035132?
314035131
In base 5, what is 244130 + 1322?
301002
In base 8, what is 4 + 554444771?
554444775
In base 10, what is -971 + 11420?
10449
In base 11, what is 2 + 6a095260?
6a095262
In base 6, what is 3351221430 + 4?
3351221434
In base 3, what is 0 + -1101000020012001?
-1101000020012001
In base 2, what is 100011110011010101000 - 1111?
100011110011010011001
In base 15, what is -5e7 + -525a?
-5852
In base 12, what is -688b29 + -64?
-688b91
In base 3, what is 101 - -2211100010022?
2211100010200
In base 9, what is 348802 - -22?
348824
In base 2, what is -111110100110 + 100